3 = 0. What is the remainder when 923 is divided by v?
83
Let r(i) = -178*i - 507. Calculate the remainder when r(-7) is divided by 221.
76
Let n be 1/(2 - (-52)/(-28)). Suppose -132 = -n*p + 3*p. Calculate the remainder when 125 is divided by p.
26
Suppose 2*x = 53 - 81. Let z(j) = -38*j - 393. Calculate the remainder when z(x) is divided by 28.
27
Let j(s) be the third derivative of s**4/8 + 15*s**3/2 + 3*s**2 + 48*s. Calculate the remainder when j(-5) is divided by 19.
11
Calculate the remainder when 12645 is divided by (-477)/(-27) + 29/((-783)/18).
14
Suppose c + 203 = 8*c. Let i = c - 26. Calculate the remainder when 94 is divided by 0 + (21 - 0) + i.
22
Suppose -9*h - 12 + 3 = 0. Let m be (1 - 1)/(1/h). Suppose -2*x = 4*n - m*n - 158, -n = 4*x - 36. Calculate the remainder when 119 is divided by n.
39
Let u(a) = a**3 - 76*a**2 + 146*a + 170. What is the remainder when 753 is divided by u(74)?
5
Let a(d) = d**2 - 5*d - 72. Let i = 363 - 370. What is the remainder when a(i) is divided by ((-4)/(-10))/(2/10)?
0
Let y = -7870 + 8488. What is the remainder when y is divided by 160?
138
Let u(g) = g**3 - 17*g**2 + 3*g - 23. What is the remainder when 1006 is divided by u(17)?
26
Suppose -3*v - 125 = -7*g, 3*g = -14*v + 19*v + 61. What is the remainder when 2783 is divided by g?
12
Suppose 0 = -3363*u + 3324*u + 324441. Calculate the remainder when u is divided by 128.
127
Let p(b) = 38 + 21*b - 41 + 2*b. Let n be p(1). Suppose -n = 8*i - 13*i. Calculate the remainder when 12 is divided by i.
0
Let s(l) = -l**3 - 9*l**2 - 9. Let u be s(-9). Let a = 47 + -10. Calculate the remainder when a is divided by (1 - 1 - 30)*u/27.
7
Suppose -404 = -5*x - 3*g + 2*g, -2*x - 3*g + 159 = 0. Suppose 0 = 2*c + 2, -8*y + 2*c = -9*y + x. Calculate the remainder when y is divided by 14.
13
Let m = -334 + 472. Let o(u) = -6*u + 1. Let x be o(-5). Suppose -x*r + m = -30*r. Calculate the remainder when r is divided by 47.
44
Let s = -47 + 58. Suppose w + s = 15. Calculate the remainder when (78/4)/(-1 + 10/4) is divided by w.
1
Let q = -1984 + 2035. Calculate the remainder when q is divided by 47.
4
Suppose -36 = -2*k - 0*k. Suppose -1526*j + 761*j - 90 = -780*j. What is the remainder when k is divided by j?
0
Let d = 365 - 261. Suppose 19*q = d + 124. What is the remainder when 31 is divided by q?
7
What is the remainder when ((-10)/(-40))/(15/(-36))*5 + 2520 is divided by 126?
123
Suppose -34*f + 299 + 5889 = 0. Calculate the remainder when f is divided by 55.
17
Let c(m) = -m**3 - 3*m**2 - m - 3. Suppose 5*v - 144 = -5*s + 86, 3*v + s = 138. What is the remainder when v is divided by c(-4)?
12
Suppose 0*p + 4*p = 8. Suppose 51*i - 203 = 44*i. Calculate the remainder when (i + -1)*((-25)/(-10) - 2) is divided by p.
0
Calculate the remainder when 227 is divided by (-3 - 14/(-4))*204/18*21.
108
Let b = 47 - 39. Suppose -b = 2*g, k - 4*k + 3*g + 72 = 0. What is the remainder when 40 - 16 - (1 - 3) is divided by k?
6
Let v(k) = 2*k**2 - 10*k - 6. Suppose -3*b = -22 - 2. Let w(x) = 10*x + 24. Calculate the remainder when w(10) is divided by v(b).
40
Let b = -7183 - -7264. Calculate the remainder when 266 is divided by b.
23
Suppose 0*c = -c + 3*d + 18, 3*c - 67 = -4*d. Suppose j - 198*n - 23 = -199*n, -3*j + 99 = -2*n. What is the remainder when j is divided by c?
8
Suppose 4 = 4*h, 7*h = 4*g + 8*h + 1083. Let t = -81 - g. What is the remainder when t is divided by 86?
18
Let q(a) = -84*a + 272. Let y(x) = -2*x - 5. Let v be y(-4). Suppose 4*r - v*r + 24 = 3*p, 4*r - 32 = -4*p. What is the remainder when q(3) is divided by p?
4
Let j = -49 - -34. Let a be -1 - 5 - (j + 15). Calculate the remainder when ((-2)/a)/(7/2289) is divided by 16.
13
Let s = -2508 + 2585. What is the remainder when 466 is divided by s?
4
Suppose -i - 54 + 14 = -4*f, 2*f - 20 = 4*i. Suppose -9*d - 296 = -13*d. What is the remainder when d is divided by f?
4
Let z(n) = -4*n - 64. Let y be z(-11). Let b = y + 38. Calculate the remainder when 32 is divided by b.
14
Suppose 64 = -4*m - 3*d - d, -5*d + 67 = -2*m. Let p = -4 - m. What is the remainder when 58 is divided by p?
7
Let u(l) = -l**3 + 8*l**2 - 1. Let f be u(8). Let k(g) = -15*g + 2. Let n be k(f). Suppose -4*r + 3 + n = 0. What is the remainder when 12 is divided by r?
2
Let b = -3290 + 6079. Calculate the remainder when b is divided by 62.
61
Calculate the remainder when 4912 is divided by (-48790)/(-1134) - (-36)/(-1458).
10
Suppose -129 + 1277 = 14*z. Let k = 100 - z. Calculate the remainder when k is divided by 17.
1
What is the remainder when 1522 is divided by (28/(-56)*(-2)/3)/(4/300)?
22
Suppose 29*g = -3*g + 53112 - 13464. What is the remainder when g is divided by 13?
4
What is the remainder when 834 is divided by -4 + 101 + ((-2)/(-30) - (-1144)/390)?
34
Calculate the remainder when 3398 is divided by (1 - -65 - 2) + (39 - 31).
14
Suppose 4*r - 606 = -4*w - 126, 5 = -5*r. Suppose -4*d + 40 = -3*h - 163, 0 = 3*d + 4*h - w. Calculate the remainder when d is divided by 35.
12
Suppose -z + 3*w + 63 = 5*w, -296 = -4*z + 3*w. Suppose -4*g = 3 - z. Let k = -601 + 702. What is the remainder when k is divided by g?
16
Let v(r) = -77*r**3 - 5*r**2 + 11*r - 5. Let u(y) = 78*y**3 + 5*y**2 - 9*y + 5. Let f(s) = 5*u(s) + 4*v(s). Calculate the remainder when f(2) is divided by 34.
33
Let n = -5778 - -6387. Calculate the remainder when n is divided by 124.
113
Suppose -1 = 3*b - l, 5*b + 3*l + 2 = 5. Suppose -r = h - 4*h + 718, b = -4*r - 4. What is the remainder when h is divided by 49?
43
What is the remainder when 680 is divided by (-2)/(42/(-783)) + (-46)/161?
14
Let y = -14126 + 14716. What is the remainder when 1215 is divided by y?
35
Suppose 5*a + 771 = -4*b, 4*a + 151 = 3*a - 4*b. Let h be (-6)/((-60)/a)*2. Let x = 6 - h. Calculate the remainder when x is divided by 11.
4
Suppose 0 = 3*k - 6, -3*u + 3*k + 683 = 4*k. Calculate the remainder when 463 is divided by u.
9
Suppose -23*w = -3*t - 28*w + 58, -44 = -3*t + 2*w. What is the remainder when 203 is divided by t?
11
Suppose -18 = -2*q + 2*t, -4*q = -4*t + 3*t - 42. Calculate the remainder when q is divided by (18*-1)/((-2)/1).
2
Suppose 137*w = -2*x + 142*w + 21012, -x + 10506 = -4*w. Calculate the remainder when x is divided by 3501.
3
Suppose 741*s - 3588 = 715*s. What is the remainder when 1788 is divided by s?
132
Let o be 2 - 0*((-5)/2 + 2). Calculate the remainder when -4*2*(-1 + 0) is divided by o + (-4)/(-12)*9.
3
Let j(l) = l**3 + 20*l**2 + 21*l + 43. Let c be j(-19). Suppose 0 = 2*w - 3*f - 270, -230 - 455 = -c*w + 5*f. What is the remainder when w is divided by 50?
41
Calculate the remainder when 2*(-3 + (-3116)/(-60)) + 2/15 is divided by 31.
5
What is the remainder when 122 is divided by (-3)/(38/66 - 138/207)?
23
Let b = 6864 - 6775. Let t(o) = o**2 + 2*o + 6. What is the remainder when b is divided by t(-6)?
29
Suppose b - 6*b + 2030 = 24*b. Calculate the remainder when 108 is divided by b.
38
Suppose m + 48 = -2*g - 67, 0 = -5*g + 2*m - 274. What is the remainder when (68/7)/((-4)/g*2) is divided by 26?
16
Suppose -3*q + 4*z + 2208 + 2831 = 0, -z + 4 = 0. What is the remainder when q is divided by 833?
19
Suppose 3*d + 352 = 8*d + 2*m, -280 = -4*d - 2*m. What is the remainder when 127 + (-252)/(-15 + -6) is divided by d?
67
Let n be 10 + 5/((-15)/9). Suppose -n*q + 4*z = -2*q - 41, 4*q - 5*z - 40 = 0. Calculate the remainder when 2*q/((-30)/(-573)) is divided by 24.
23
Let y(a) = -3*a - 5. Let r(q) = -6*q + 15. Let g be r(8). Let l = -15 - g. Calculate the remainder when l is divided by y(-4).
4
Suppose -9*a - 21*a - 890 = -6200. Calculate the remainder when 691 is divided by a.
160
Let w(y) = 3*y**3 - y**2 + 5*y - 2. Suppose 7*c - 21 = 4*c + 4*j, 0 = j + 3. Let r = 33 - 11. What is the remainder when w(c) is divided by r?
19
Suppose -3*r - r + 212 = 0. Let d = 24093 - 24079. What is the remainder when r is divided by d?
11
Let g = -1262687 + 1262704. Let m(j) = j**3 - 6*j**2 - 2*j - 2. Let i be m(5). Let c = 137 + i. What is the remainder when c is divided by g?
15
Let x be (2 + 1 + -32)*33/11. Let d = x + 114. What is the remainder when 43 is divided by d?
16
Let s(t) = -50 - 17*t - 1 - 48*t + 8*t - t. What is the remainder when s(-13) is divided by 8?
7
Let v 